{"id":1781,"date":"2020-02-27T03:07:02","date_gmt":"2020-02-27T03:07:02","guid":{"rendered":"https:\/\/www.cepad.org.mx\/infodh\/homepage\/trusted-services\/"},"modified":"2021-09-24T19:37:05","modified_gmt":"2021-09-24T19:37:05","slug":"tortura-y-desaparicion-de-personas-en-jalisco","status":"publish","type":"page","link":"https:\/\/www.cepad.org.mx\/infodh\/","title":{"rendered":"INFODH &#8211; Tortura y desaparici\u00f3n de personas en Jalisco"},"content":{"rendered":"<p>[vc_row full_width=\u00bbstretch_row\u00bb content_placement=\u00bbtop\u00bb height=\u00bbfull-calc\u00bb background_color=\u00bbcustom\u00bb background_attachment=\u00bbfixed\u00bb onepage_skin=\u00bblight\u00bb custom_background_color=\u00bb#79b52a\u00bb onepage_title=\u00bbPortada\u00bb onepage_anchor=\u00bbportada-inicio\u00bb background_image=\u00bb2322&#8243;][vc_column width=\u00bb1\/2&#8243; order=\u00bbxs:2&#8243;][tm_spacer size=\u00bbxs:50;sm:50;md:60;lg:80&#8243;][tm_image image_size=\u00bbcustom\u00bb image=\u00bb2700&#8243; image_size_width=\u00bb350&#8243;][tm_spacer size=\u00bbxs:20;sm:20;md:30;lg:40&#8243;][tm_heading tag=\u00bbh2&#8243; custom_google_font=\u00bb\u00bb text_color=\u00bbcustom\u00bb custom_text_color=\u00bb#ffffff\u00bb font_size=\u00bbxs:20;sm:20;md:30;lg:50&#8243; line_height=\u00bb1&#8243;]Tortura y desaparici\u00f3n<br \/>\nde personas en Jalisco:<br \/>\nlo que necesitas saber[\/tm_heading][tm_spacer size=\u00bblg:18&#8243;][tm_heading style=\u00bbleft-line\u00bb tag=\u00bbdiv\u00bb custom_google_font=\u00bb\u00bb text_color=\u00bbcustom\u00bb custom_text_color=\u00bbrgba(255,255,255,0.7)\u00bb font_size=\u00bblg:18&#8243; line_height=\u00bb1.67&#8243; custom_css=\u00bbJTI0c2VsZWN0b3IlMjBhJTIwJTdCJTIwY29sb3IlM0ElMjAlMjNmZmYlM0IlMjAlN0Q=\u00bb max_width=\u00bb400px\u00bb]Plataforma del CEPAD con informaci\u00f3n sobre graves violaciones a los derechos humanos en Jalisco[\/tm_heading][tm_spacer size=\u00bblg:62&#8243;][tm_popup_video style=\u00bbbutton-03&#8243; video=\u00bbhttps:\/\/vimeo.com\/509845230&#8243; video_text=\u00bbConocer m\u00e1s\u00bb][tm_spacer size=\u00bblg:62&#8243;][\/vc_column][vc_column parallax=\u00bbcontent-moving\u00bb parallax_image=\u00bb2907&#8243; width=\u00bb1\/2&#8243;][tm_spacer size=\u00bbxs:50;sm:50;md:60;lg:80&#8243;][tm_image align=\u00bbright\u00bb image=\u00bb2912&#8243;][\/vc_column][\/vc_row][vc_row full_width=\u00bbstretch_row\u00bb content_placement=\u00bbmiddle\u00bb height=\u00bbfull-calc\u00bb background_color=\u00bbcustom\u00bb custom_background_color=\u00bb#f8f8f8&#8243; onepage_title=\u00bbTortura\u00bb onepage_anchor=\u00bbportada-tortura\u00bb lg_spacing=\u00bbpadding_top:30;padding_bottom:40&#8243; background_image=\u00bb2326&#8243; md_spacing=\u00bbpadding_top:40;padding_bottom:40&#8243; sm_spacing=\u00bbpadding_top:20;padding_bottom:20&#8243;][vc_column width=\u00bb1\/2&#8243;][tm_spacer size=\u00bblg:76&#8243;][tm_heading style=\u00bbhighlight-02&#8243; custom_google_font=\u00bb\u00bb xs_align=\u00bbcenter\u00bb font_size=\u00bbsm:30;md:32;lg:44&#8243; line_height=\u00bb1.13&#8243;]Tortura[\/tm_heading][tm_spacer size=\u00bblg:20&#8243;][tm_heading style=\u00bbleft-line\u00bb custom_google_font=\u00bb\u00bb xs_align=\u00bbcenter\u00bb font_size=\u00bbsm:20;md:22;lg:34&#8243; line_height=\u00bb1.13&#8243;]En Jalisco, la tortura se comete de manera <mark>generalizada y en completa impunidad<\/mark>.[\/tm_heading][tm_spacer size=\u00bblg:20&#8243;][tm_button button=\u00bburl:https%3A%2F%2Fwww.cepad.org.mx%2Finfodh%2Ftortura%2F|title:Ver%20datos\u00bb][tm_spacer size=\u00bblg:76&#8243;][\/vc_column][vc_column width=\u00bb1\/2&#8243;][tm_image align=\u00bbright\u00bb image=\u00bb2150&#8243;][tm_spacer size=\u00bblg:76&#8243;][\/vc_column][\/vc_row][vc_row full_width=\u00bbstretch_row\u00bb content_placement=\u00bbmiddle\u00bb height=\u00bbfull-calc\u00bb background_color=\u00bbcustom\u00bb custom_background_color=\u00bb#f8f8f8&#8243; onepage_title=\u00bbDesaparici\u00f3n de personas\u00bb onepage_anchor=\u00bbportada-desaparicion\u00bb lg_spacing=\u00bbpadding_top:30;padding_bottom:40&#8243; background_image=\u00bb2326&#8243; md_spacing=\u00bbpadding_top:40;padding_bottom:40&#8243; sm_spacing=\u00bbpadding_top:20;padding_bottom:20&#8243;][vc_column width=\u00bb1\/2&#8243;][tm_image align=\u00bbright\u00bb image=\u00bb2913&#8243;][tm_spacer size=\u00bblg:76&#8243;][\/vc_column][vc_column width=\u00bb1\/2&#8243;][tm_heading style=\u00bbhighlight-01&#8243; custom_google_font=\u00bb\u00bb xs_align=\u00bbcenter\u00bb font_size=\u00bbsm:30;md:32;lg:44&#8243; line_height=\u00bb1.13&#8243;]Desaparici\u00f3n de personas[\/tm_heading][tm_spacer size=\u00bblg:20&#8243;][tm_heading style=\u00bbleft-line\u00bb custom_google_font=\u00bb\u00bb xs_align=\u00bbcenter\u00bb font_size=\u00bbsm:20;md:22;lg:34&#8243; line_height=\u00bb1.13&#8243;]Con m\u00e1s de <strong><mark>14 mil personas <\/mark><\/strong> desaparecidas, Jalisco ocupa el <mark>primer lugar<\/mark> a nivel nacional. Sin embargo, solo existen 4 sentencias en la materia.[\/tm_heading][tm_spacer size=\u00bblg:20&#8243;][tm_button button=\u00bburl:https%3A%2F%2Fwww.cepad.org.mx%2Finfodh%2Fdesaparicion-de-personas%2F|title:Ver%20datos\u00bb][tm_spacer size=\u00bblg:76&#8243;][\/vc_column][\/vc_row][vc_row full_width=\u00bbstretch_row_content_no_spaces\u00bb height=\u00bbfull-calc\u00bb background_color=\u00bbcustom\u00bb onepage_skin=\u00bblight\u00bb custom_background_color=\u00bb#252525&#8243; onepage_title=\u00bbSecciones\u00bb onepage_anchor=\u00bbportada-informes\u00bb lg_spacing=\u00bbpadding_top:50;padding_bottom:50&#8243;][vc_column][vc_row_inner content_alignment=\u00bbcenter\u00bb max_width=\u00bb1000px\u00bb][vc_column_inner width=\u00bb1\/2&#8243;][tm_box_large_image style=\u00bb03&#8243; animation=\u00bbmove-down\u00bb image=\u00bb2895&#8243; heading=\u00bbTortura\u00bb button=\u00bburl:https%3A%2F%2Fwww.cepad.org.mx%2Finfodh%2Ftortura%2F|title:Ver%20datos\u00bb text=\u00bbLas torturas y los malos tratos constituyen un grave problema en nuestro pa\u00eds. En Jalisco, en la mayor\u00eda de los casos, la tortura ocurre en las fiscal\u00edas, en las c\u00e1rceles y dentro del sistema de seguridad.\u00bb][\/vc_column_inner][vc_column_inner width=\u00bb1\/2&#8243;][tm_box_large_image style=\u00bb03&#8243; image=\u00bb2894&#8243; heading=\u00bbDesaparici\u00f3n de personas\u00bb button=\u00bburl:https%3A%2F%2Fwww.cepad.org.mx%2Finfodh%2Fdesaparicion-de-personas%2F|title:Ver%20datos\u00bb text=\u00bbLa desaparici\u00f3n de personas es una de las problem\u00e1ticas m\u00e1s importantes de nuestro contexto actual. Jalisco ocupa el primer lugar nacional en personas desaparecidas.\u00bb][\/vc_column_inner][\/vc_row_inner][\/vc_column][\/vc_row][vc_row full_width=\u00bbstretch_row\u00bb content_placement=\u00bbmiddle\u00bb height=\u00bbfull-calc\u00bb onepage_title=\u00bbAcerca de\u00bb onepage_anchor=\u00bbportada-acerca-de\u00bb lg_spacing=\u00bbpadding_top:30;padding_bottom:40&#8243; md_spacing=\u00bbpadding_top:40;padding_bottom:40&#8243; sm_spacing=\u00bbpadding_top:20;padding_bottom:20&#8243;][vc_column width=\u00bb1\/2&#8243;][tm_heading style=\u00bbleft-line\u00bb custom_google_font=\u00bb\u00bb xs_align=\u00bbcenter\u00bb font_size=\u00bbsm:10;md:12;lg:24&#8243; line_height=\u00bb1.13&#8243;]El Micrositio INFODH es un proyecto del Centro de Justicia para la Paz y el Desarrollo A.C (CEPAD) que ha sido posible gracias al generoso apoyo del pueblo de los Estados Unidos, a trav\u00e9s de la Agencia de los Estados Unidos para el Desarrollo Internacional (USAID).[\/tm_heading][tm_spacer size=\u00bblg:76&#8243;][tm_heading style=\u00bbleft-line\u00bb custom_google_font=\u00bb\u00bb xs_align=\u00bbcenter\u00bb font_size=\u00bbsm:10;md:12;lg:18&#8243; line_height=\u00bb1.13&#8243;]La informaci\u00f3n presentada es responsabilidad del Centro de Justicia para la Paz y el Desarrollo A.C. y no necesariamente refleja el punto de vista de USAID o del Gobierno de los Estados Unidos.[\/tm_heading][tm_spacer size=\u00bblg:76&#8243;][\/vc_column][vc_column width=\u00bb1\/2&#8243;][tm_image align=\u00bbright\u00bb image=\u00bb2560&#8243;][tm_spacer size=\u00bblg:76&#8243;][\/vc_column][\/vc_row]<\/p>\n","protected":false},"excerpt":{"rendered":"<p>[vc_row full_width=\u00bbstretch_row\u00bb content_placement=\u00bbtop\u00bb height=\u00bbfull-calc\u00bb background_color=\u00bbcustom\u00bb background_attachment=\u00bbfixed\u00bb onepage_skin=\u00bblight\u00bb custom_background_color=\u00bb#79b52a\u00bb onepage_title=\u00bbPortada\u00bb onepage_anchor=\u00bbportada-inicio\u00bb background_image=\u00bb2322&#8243;][vc_column width=\u00bb1\/2&#8243; order=\u00bbxs:2&#8243;][tm_spacer size=\u00bbxs:50;sm:50;md:60;lg:80&#8243;][tm_image image_size=\u00bbcustom\u00bb image=\u00bb2700&#8243; image_size_width=\u00bb350&#8243;][tm_spacer size=\u00bbxs:20;sm:20;md:30;lg:40&#8243;][tm_heading tag=\u00bbh2&#8243; custom_google_font=\u00bb\u00bb text_color=\u00bbcustom\u00bb custom_text_color=\u00bb#ffffff\u00bb font_size=\u00bbxs:20;sm:20;md:30;lg:50&#8243; line_height=\u00bb1&#8243;]Tortura y desaparici\u00f3n de personas en Jalisco: lo que necesitas saber[\/tm_heading][tm_spacer size=\u00bblg:18&#8243;][tm_heading style=\u00bbleft-line\u00bb tag=\u00bbdiv\u00bb custom_google_font=\u00bb\u00bb text_color=\u00bbcustom\u00bb custom_text_color=\u00bbrgba(255,255,255,0.7)\u00bb font_size=\u00bblg:18&#8243; line_height=\u00bb1.67&#8243; custom_css=\u00bbJTI0c2VsZWN0b3IlMjBhJTIwJTdCJTIwY29sb3IlM0ElMjAlMjNmZmYlM0IlMjAlN0Q=\u00bb max_width=\u00bb400px\u00bb]Plataforma del CEPAD con informaci\u00f3n sobre graves violaciones a los derechos humanos en Jalisco[\/tm_heading][tm_spacer size=\u00bblg:62&#8243;][tm_popup_video style=\u00bbbutton-03&#8243; video=\u00bbhttps:\/\/vimeo.com\/509845230&#8243; video_text=\u00bbConocer m\u00e1s\u00bb][tm_spacer size=\u00bblg:62&#8243;][\/vc_column][vc_column parallax=\u00bbcontent-moving\u00bb parallax_image=\u00bb2907&#8243; width=\u00bb1\/2&#8243;][tm_spacer size=\u00bbxs:50;sm:50;md:60;lg:80&#8243;][tm_image align=\u00bbright\u00bb image=\u00bb2912&#8243;][\/vc_column][\/vc_row][vc_row full_width=\u00bbstretch_row\u00bb content_placement=\u00bbmiddle\u00bb height=\u00bbfull-calc\u00bb background_color=\u00bbcustom\u00bb custom_background_color=\u00bb#f8f8f8&#8243; onepage_title=\u00bbTortura\u00bb onepage_anchor=\u00bbportada-tortura\u00bb lg_spacing=\u00bbpadding_top:30;padding_bottom:40&#8243; background_image=\u00bb2326&#8243; md_spacing=\u00bbpadding_top:40;padding_bottom:40&#8243; sm_spacing=\u00bbpadding_top:20;padding_bottom:20&#8243;][vc_column width=\u00bb1\/2&#8243;][tm_spacer size=\u00bblg:76&#8243;][tm_heading style=\u00bbhighlight-02&#8243; custom_google_font=\u00bb\u00bb xs_align=\u00bbcenter\u00bb font_size=\u00bbsm:30;md:32;lg:44&#8243; line_height=\u00bb1.13&#8243;]Tortura[\/tm_heading][tm_spacer size=\u00bblg:20&#8243;][tm_heading style=\u00bbleft-line\u00bb custom_google_font=\u00bb\u00bb xs_align=\u00bbcenter\u00bb font_size=\u00bbsm:20;md:22;lg:34&#8243; line_height=\u00bb1.13&#8243;]En Jalisco, la tortura se comete de manera generalizada y en completa impunidad.[\/tm_heading][tm_spacer size=\u00bblg:20&#8243;][tm_button button=\u00bburl:https%3A%2F%2Fwww.cepad.org.mx%2Finfodh%2Ftortura%2F|title:Ver%20datos\u00bb][tm_spacer size=\u00bblg:76&#8243;][\/vc_column][vc_column width=\u00bb1\/2&#8243;][tm_image align=\u00bbright\u00bb image=\u00bb2150&#8243;][tm_spacer size=\u00bblg:76&#8243;][\/vc_column][\/vc_row][vc_row full_width=\u00bbstretch_row\u00bb content_placement=\u00bbmiddle\u00bb height=\u00bbfull-calc\u00bb background_color=\u00bbcustom\u00bb custom_background_color=\u00bb#f8f8f8&#8243; onepage_title=\u00bbDesaparici\u00f3n de personas\u00bb onepage_anchor=\u00bbportada-desaparicion\u00bb lg_spacing=\u00bbpadding_top:30;padding_bottom:40&#8243; background_image=\u00bb2326&#8243; md_spacing=\u00bbpadding_top:40;padding_bottom:40&#8243; sm_spacing=\u00bbpadding_top:20;padding_bottom:20&#8243;][vc_column width=\u00bb1\/2&#8243;][tm_image align=\u00bbright\u00bb image=\u00bb2913&#8243;][tm_spacer size=\u00bblg:76&#8243;][\/vc_column][vc_column width=\u00bb1\/2&#8243;][tm_heading style=\u00bbhighlight-01&#8243; custom_google_font=\u00bb\u00bb xs_align=\u00bbcenter\u00bb font_size=\u00bbsm:30;md:32;lg:44&#8243; line_height=\u00bb1.13&#8243;]Desaparici\u00f3n de personas[\/tm_heading][tm_spacer size=\u00bblg:20&#8243;][tm_heading style=\u00bbleft-line\u00bb custom_google_font=\u00bb\u00bb xs_align=\u00bbcenter\u00bb font_size=\u00bbsm:20;md:22;lg:34&#8243; line_height=\u00bb1.13&#8243;]Con m\u00e1s de 14 mil personas desaparecidas, Jalisco ocupa el primer lugar a nivel nacional. Sin embargo, solo existen 4 sentencias en la materia.[\/tm_heading][tm_spacer size=\u00bblg:20&#8243;][tm_button button=\u00bburl:https%3A%2F%2Fwww.cepad.org.mx%2Finfodh%2Fdesaparicion-de-personas%2F|title:Ver%20datos\u00bb][tm_spacer size=\u00bblg:76&#8243;][\/vc_column][\/vc_row][vc_row full_width=\u00bbstretch_row_content_no_spaces\u00bb height=\u00bbfull-calc\u00bb background_color=\u00bbcustom\u00bb onepage_skin=\u00bblight\u00bb custom_background_color=\u00bb#252525&#8243; onepage_title=\u00bbSecciones\u00bb onepage_anchor=\u00bbportada-informes\u00bb lg_spacing=\u00bbpadding_top:50;padding_bottom:50&#8243;][vc_column][vc_row_inner content_alignment=\u00bbcenter\u00bb max_width=\u00bb1000px\u00bb][vc_column_inner width=\u00bb1\/2&#8243;][tm_box_large_image style=\u00bb03&#8243; animation=\u00bbmove-down\u00bb image=\u00bb2895&#8243; heading=\u00bbTortura\u00bb button=\u00bburl:https%3A%2F%2Fwww.cepad.org.mx%2Finfodh%2Ftortura%2F|title:Ver%20datos\u00bb text=\u00bbLas torturas y los malos tratos constituyen un grave problema en nuestro pa\u00eds. En Jalisco, en la mayor\u00eda de los casos, la tortura ocurre en las fiscal\u00edas, en las c\u00e1rceles y dentro del sistema de seguridad.\u00bb][\/vc_column_inner][vc_column_inner width=\u00bb1\/2&#8243;][tm_box_large_image style=\u00bb03&#8243; image=\u00bb2894&#8243; heading=\u00bbDesaparici\u00f3n de personas\u00bb button=\u00bburl:https%3A%2F%2Fwww.cepad.org.mx%2Finfodh%2Fdesaparicion-de-personas%2F|title:Ver%20datos\u00bb text=\u00bbLa desaparici\u00f3n de personas es una de las problem\u00e1ticas m\u00e1s importantes de nuestro contexto actual. Jalisco ocupa el primer lugar nacional en personas desaparecidas.\u00bb][\/vc_column_inner][\/vc_row_inner][\/vc_column][\/vc_row][vc_row full_width=\u00bbstretch_row\u00bb content_placement=\u00bbmiddle\u00bb height=\u00bbfull-calc\u00bb onepage_title=\u00bbAcerca de\u00bb onepage_anchor=\u00bbportada-acerca-de\u00bb lg_spacing=\u00bbpadding_top:30;padding_bottom:40&#8243; md_spacing=\u00bbpadding_top:40;padding_bottom:40&#8243; sm_spacing=\u00bbpadding_top:20;padding_bottom:20&#8243;][vc_column width=\u00bb1\/2&#8243;][tm_heading style=\u00bbleft-line\u00bb custom_google_font=\u00bb\u00bb xs_align=\u00bbcenter\u00bb font_size=\u00bbsm:10;md:12;lg:24&#8243; line_height=\u00bb1.13&#8243;]El Micrositio INFODH es un proyecto del Centro de Justicia para la Paz y el Desarrollo A.C (CEPAD) que ha sido posible gracias al generoso apoyo del pueblo de los Estados Unidos, a trav\u00e9s de la Agencia de los Estados Unidos para el Desarrollo Internacional (USAID).[\/tm_heading][tm_spacer size=\u00bblg:76&#8243;][tm_heading style=\u00bbleft-line\u00bb custom_google_font=\u00bb\u00bb xs_align=\u00bbcenter\u00bb font_size=\u00bbsm:10;md:12;lg:18&#8243; line_height=\u00bb1.13&#8243;]La informaci\u00f3n presentada es responsabilidad del Centro de Justicia para la Paz y el Desarrollo A.C. y no necesariamente refleja el punto de vista de USAID o del Gobierno de los Estados Unidos.[\/tm_heading][tm_spacer size=\u00bblg:76&#8243;][\/vc_column][vc_column width=\u00bb1\/2&#8243;][tm_image align=\u00bbright\u00bb image=\u00bb2560&#8243;][tm_spacer size=\u00bblg:76&#8243;][\/vc_column][\/vc_row]<\/p>\n","protected":false},"author":1,"featured_media":0,"parent":0,"menu_order":0,"comment_status":"closed","ping_status":"closed","template":"templates\/one-page-scroll.php","meta":{"footnotes":""},"class_list":["post-1781","page","type-page","status-publish","hentry","post-no-thumbnail"],"_links":{"self":[{"href":"https:\/\/www.cepad.org.mx\/infodh\/wp-json\/wp\/v2\/pages\/1781","targetHints":{"allow":["GET"]}}],"collection":[{"href":"https:\/\/www.cepad.org.mx\/infodh\/wp-json\/wp\/v2\/pages"}],"about":[{"href":"https:\/\/www.cepad.org.mx\/infodh\/wp-json\/wp\/v2\/types\/page"}],"author":[{"embeddable":true,"href":"https:\/\/www.cepad.org.mx\/infodh\/wp-json\/wp\/v2\/users\/1"}],"replies":[{"embeddable":true,"href":"https:\/\/www.cepad.org.mx\/infodh\/wp-json\/wp\/v2\/comments?post=1781"}],"version-history":[{"count":91,"href":"https:\/\/www.cepad.org.mx\/infodh\/wp-json\/wp\/v2\/pages\/1781\/revisions"}],"predecessor-version":[{"id":3399,"href":"https:\/\/www.cepad.org.mx\/infodh\/wp-json\/wp\/v2\/pages\/1781\/revisions\/3399"}],"wp:attachment":[{"href":"https:\/\/www.cepad.org.mx\/infodh\/wp-json\/wp\/v2\/media?parent=1781"}],"curies":[{"name":"wp","href":"https:\/\/api.w.org\/{rel}","templated":true}]}}